{"id":94,"date":"2010-08-01T17:52:15","date_gmt":"2010-08-01T15:52:15","guid":{"rendered":"http:\/\/127.0.0.1\/mandolare-wp\/?page_id=94"},"modified":"2018-12-30T14:41:49","modified_gmt":"2018-12-30T12:41:49","slug":"come-raggiungere-le-mandolare","status":"publish","type":"page","link":"https:\/\/www.lemandolare.it\/?page_id=94","title":{"rendered":"Dove siamo"},"content":{"rendered":"<p style=\"text-align: justify;\">L&#8217;azienda si estende sul fianco di una collina terminale dei Colli Berici, a circa 200 metri sul livello del mare, per 22 ettari coperti di boschi, prati, vigneti ed olivi. Da qui si pu\u00f2 godere di uno splendido panorama che, nelle giornate particolarmente limpide, permette di vedere all\u2019orizzonte il profilo dei primi Appennini.<\/p>\n<p style=\"text-align: left;\"><a href=\"https:\/\/www.lemandolare.it\/wp-content\/uploads\/2012\/10\/veduta-le-mandolare-villaga-da-colle-ottobre-2012.jpg\"><img loading=\"lazy\" decoding=\"async\" class=\"alignnone size-thumbnail wp-image-994\" title=\"veduta le mandolare villaga da colle ottobre 2012\" src=\"https:\/\/www.lemandolare.it\/wp-content\/uploads\/2012\/10\/veduta-le-mandolare-villaga-da-colle-ottobre-2012-150x150.jpg\" alt=\"\" width=\"150\" height=\"150\" \/><\/a> <a href=\"https:\/\/www.lemandolare.it\/wp-content\/uploads\/2010\/08\/panorama4.jpg\"><img loading=\"lazy\" decoding=\"async\" class=\"alignnone size-thumbnail wp-image-713\" title=\"panorama Le Mandolare\" src=\"https:\/\/www.lemandolare.it\/wp-content\/uploads\/2010\/08\/panorama4-150x150.jpg\" alt=\"\" width=\"150\" height=\"150\" \/><\/a> <a href=\"https:\/\/www.lemandolare.it\/wp-content\/uploads\/2012\/09\/panorama-mandolare.jpg\"><img loading=\"lazy\" decoding=\"async\" class=\"alignnone size-thumbnail wp-image-707\" title=\"panorama dall'Agriturismo Le mandolare, Villaga, Vicenza\" src=\"https:\/\/www.lemandolare.it\/wp-content\/uploads\/2012\/09\/panorama-mandolare-150x150.jpg\" alt=\"\" width=\"150\" height=\"150\" \/><\/a> <a href=\"https:\/\/www.lemandolare.it\/wp-content\/uploads\/2010\/08\/vigneti4.jpg\"><img loading=\"lazy\" decoding=\"async\" class=\"alignnone size-thumbnail wp-image-716\" title=\"vigneti  Agriturismo Le Mandolare\" src=\"https:\/\/www.lemandolare.it\/wp-content\/uploads\/2010\/08\/vigneti4-150x150.jpg\" alt=\"\" width=\"150\" height=\"150\" \/><\/a><\/p>\n<p style=\"text-align: left;\"><a href=\"https:\/\/www.lemandolare.it\/wp-content\/uploads\/2010\/08\/esterni-14-2.jpg\"><img loading=\"lazy\" decoding=\"async\" class=\"alignnone size-medium wp-image-1861\" title=\"esterni 14 2\" src=\"https:\/\/www.lemandolare.it\/wp-content\/uploads\/2010\/08\/esterni-14-2-300x224.jpg\" alt=\"\" width=\"300\" height=\"224\" srcset=\"https:\/\/www.lemandolare.it\/wp-content\/uploads\/2010\/08\/esterni-14-2-300x224.jpg 300w, https:\/\/www.lemandolare.it\/wp-content\/uploads\/2010\/08\/esterni-14-2-1024x767.jpg 1024w, https:\/\/www.lemandolare.it\/wp-content\/uploads\/2010\/08\/esterni-14-2.jpg 1078w\" sizes=\"auto, (max-width: 300px) 100vw, 300px\" \/><\/a> <a href=\"https:\/\/www.lemandolare.it\/wp-content\/uploads\/2010\/08\/esterni-14-11.jpg\"><img loading=\"lazy\" decoding=\"async\" class=\"alignnone size-medium wp-image-1863\" title=\"esterni 14 1\" src=\"https:\/\/www.lemandolare.it\/wp-content\/uploads\/2010\/08\/esterni-14-11-300x224.jpg\" alt=\"\" width=\"300\" height=\"224\" srcset=\"https:\/\/www.lemandolare.it\/wp-content\/uploads\/2010\/08\/esterni-14-11-300x224.jpg 300w, https:\/\/www.lemandolare.it\/wp-content\/uploads\/2010\/08\/esterni-14-11-1024x767.jpg 1024w, https:\/\/www.lemandolare.it\/wp-content\/uploads\/2010\/08\/esterni-14-11.jpg 1078w\" sizes=\"auto, (max-width: 300px) 100vw, 300px\" \/><\/a><\/p>\n<p style=\"text-align: justify;\">\n<p style=\"text-align: center;\"><span style=\"font-weight: bold;\">Il Comprensorio dei Colli Berici<\/span><\/p>\n<p style=\"text-align: justify;\">L\u2019azienda \u00e9 collocata al centro di un\u2019area ricca di opportunit\u00e0: chi ama il contatto con la natura rimarr\u00e0 estasiato dalla tranquillit\u00e0 e dalla bellezza del luogo e potr\u00e0 scegliere tra i numerosi sentieri naturali e percorsi naturalistici di cui \u00e9 ricco il territorio circostante.<\/p>\n<p><a href=\"https:\/\/www.lemandolare.it\/wp-content\/uploads\/2010\/08\/sentieri_.jpg\"><img loading=\"lazy\" decoding=\"async\" class=\"alignnone size-thumbnail wp-image-1077\" title=\"sentieri_\" src=\"https:\/\/www.lemandolare.it\/wp-content\/uploads\/2010\/08\/sentieri_-150x150.jpg\" alt=\"\" width=\"150\" height=\"150\" \/><\/a> <a href=\"https:\/\/www.lemandolare.it\/wp-content\/uploads\/2012\/10\/uliveto-le-mandolare-villaga-ottobre-2012.jpg\"><img loading=\"lazy\" decoding=\"async\" title=\"uliveto le mandolare villaga ottobre 2012\" src=\"https:\/\/www.lemandolare.it\/wp-content\/uploads\/2012\/10\/uliveto-le-mandolare-villaga-ottobre-2012-150x150.jpg\" alt=\"\" width=\"150\" height=\"150\" \/><\/a> <a href=\"https:\/\/www.lemandolare.it\/wp-content\/uploads\/2012\/10\/uliveti-pozzolo-di-villaga-ottobre-2012.jpg\"><img loading=\"lazy\" decoding=\"async\" title=\"uliveti pozzolo di villaga ottobre 2012\" src=\"https:\/\/www.lemandolare.it\/wp-content\/uploads\/2012\/10\/uliveti-pozzolo-di-villaga-ottobre-2012-150x150.jpg\" alt=\"\" width=\"150\" height=\"150\" \/><\/a> <a href=\"https:\/\/www.lemandolare.it\/wp-content\/uploads\/2012\/09\/mappa-comprensorio.jpg\"><img loading=\"lazy\" decoding=\"async\" class=\"alignnone size-thumbnail wp-image-862\" title=\"mappa comprensorio Colli Berici\" src=\"https:\/\/www.lemandolare.it\/wp-content\/uploads\/2012\/09\/mappa-comprensorio-150x150.jpg\" alt=\"\" width=\"150\" height=\"150\" \/><\/a><\/p>\n<p style=\"text-align: justify;\"><span style=\"text-align: left;\">Incontrerete luoghi suggestivi e affascinanti, dall\u2019indubbio valore artistico, storico e paesaggistico, tra i luoghi pi\u00f9 vicini Vi segnaliamo l&#8217;eremo di San Donato, la Fontana dei Curii,\u00a0la Grotta di San Bernardino,\u00a0la Chiesa e il Convento di San Pancrazio, nell&#8217;omonima frazione di Barbarano Vicentino.<\/span><\/p>\n<p style=\"text-align: left;\"><a href=\"https:\/\/www.lemandolare.it\/wp-content\/uploads\/2012\/09\/Grotta-di-San-Bernardino.jpg\"><img loading=\"lazy\" decoding=\"async\" class=\"alignnone size-thumbnail wp-image-898\" title=\"Grotta di San Bernardino\" src=\"https:\/\/www.lemandolare.it\/wp-content\/uploads\/2012\/09\/Grotta-di-San-Bernardino-150x150.jpg\" alt=\"\" width=\"150\" height=\"150\" \/><\/a> <a href=\"https:\/\/www.lemandolare.it\/wp-content\/uploads\/2012\/09\/Lago-di-Fimon-2-2.jpg\"><img loading=\"lazy\" decoding=\"async\" class=\"alignnone size-thumbnail wp-image-896\" title=\"Lago di Fimon 2 \" src=\"https:\/\/www.lemandolare.it\/wp-content\/uploads\/2012\/09\/Lago-di-Fimon-2-2-150x150.jpg\" alt=\"\" width=\"150\" height=\"150\" \/><\/a> <a href=\"https:\/\/www.lemandolare.it\/wp-content\/uploads\/2012\/09\/Eremo-San-Donato-Pozzolo-Villaga-Foto-104.jpg\"><img loading=\"lazy\" decoding=\"async\" class=\"alignnone size-thumbnail wp-image-894\" title=\"Eremo di San Donato a Pozzolo di Villaga\" src=\"https:\/\/www.lemandolare.it\/wp-content\/uploads\/2012\/09\/Eremo-San-Donato-Pozzolo-Villaga-Foto-104-150x150.jpg\" alt=\"\" width=\"150\" height=\"150\" \/><\/a> <a href=\"https:\/\/www.lemandolare.it\/wp-content\/uploads\/2012\/09\/Eremo-San-Donato-Pozzolo-Villaga-Foto-114.jpg\"><img loading=\"lazy\" decoding=\"async\" class=\"alignnone size-thumbnail wp-image-900\" title=\"Vista dai covoli di San Donato, Eremo di Pozzolo \" src=\"https:\/\/www.lemandolare.it\/wp-content\/uploads\/2012\/09\/Eremo-San-Donato-Pozzolo-Villaga-Foto-114-150x150.jpg\" alt=\"\" width=\"150\" height=\"150\" \/><\/a><\/p>\n<p style=\"text-align: center;\">\n<h3 style=\"text-align: center;\"><strong>Come raggiungere &#8220;Le Mandolare&#8221;<\/strong><\/h3>\n<p style=\"text-align: justify;\">Dall\u2019autostrada A4, all\u2019altezza di           Vicenza Est imboccate l\u2019autostrada A31 in direzione sud e           uscite a Albettone-Barbarano. Proseguite verso           Vicenza-Barbarano e dopo 1 km, alla rotonda che incrocia la SP247 &#8220;Riviera Berica&#8221;, proseguite diritti verso Sossano per           circa 700 mt, poi svoltate a sinistra sulla SP8, verso           Sossano. Alla rotonda successiva svoltate a destra in Via           Dante, proseguite su Via Fornace e Via Giuseppe Verdi. Attraversate           il centro di Villaga, percorrete la strada in salita e           all\u2019incrocio con Via Castello, svoltate a sinistra in Via Pigiavento, poi Via Mandolare\u00a0e\u00a0<span style=\"text-decoration: underline;\">proseguite per             circa 2 Km<\/span>: l\u2019ingresso dell\u2019azienda si trova sulla           sinistra, tra una doppia fila di cipressi.<\/p>\n<p style=\"text-align: justify;\">Dall&#8217;autostrada A13: uscite a Monselice e seguite le indicazioni per Este, poi per Noventa Vicentina, sulla S.P. 247 Riviera Berica; proseguite in direzione Vicenza per circa 12 km. Svoltate a sinistra sulla SP8, in direzione Sossano-Orgiano-Lonigo.\u00a0Dopo 700 mt, alla rotonda svoltate in Via Dante; dopo circa 1 km proseguite a destra su Via Fornace, dopo 20 mt svoltate a sinistra in Via Giuseppe Verdi. Attraversate il centro di Villaga, percorrete la strada in salita e all&#8217;incrocio con Via Castello, svoltate a sinistra in Via Pigiavento, poi Via Mandolare, proseguite per circa 2 Km: l&#8217;ingresso dell&#8217;azienda si trova sulla sinistra, tra una doppia fila di cipressi.<\/p>\n<p style=\"text-align: justify;\"><a href=\"https:\/\/www.lemandolare.it\/wp-content\/uploads\/2010\/08\/Mappa-web.jpg\"><img loading=\"lazy\" decoding=\"async\" class=\"alignnone size-large wp-image-1883\" title=\"Mappa web\" src=\"https:\/\/www.lemandolare.it\/wp-content\/uploads\/2010\/08\/Mappa-web-789x1024.jpg\" alt=\"\" width=\"640\" height=\"830\" srcset=\"https:\/\/www.lemandolare.it\/wp-content\/uploads\/2010\/08\/Mappa-web-789x1024.jpg 789w, https:\/\/www.lemandolare.it\/wp-content\/uploads\/2010\/08\/Mappa-web-231x300.jpg 231w, https:\/\/www.lemandolare.it\/wp-content\/uploads\/2010\/08\/Mappa-web.jpg 911w\" sizes=\"auto, (max-width: 640px) 100vw, 640px\" \/><\/a><\/p>\n<p style=\"text-align: center;\">Mappa interattiva:<small><a style=\"color: #0000ff; text-align: left;\" href=\"https:\/\/www.google.it\/maps\/place\/Agriturismo+%22Le+Mandolare%22\/@45.400644,11.525281,17z\/data=!3m1!4b1!4m2!3m1!1s0x477f3b597552fcf7:0xf2381f381060dce4?hl=it\"> pianifica il tuo percorso con Google Maps<\/a><\/small><\/p>\n<p style=\"text-align: center;\">\n","protected":false},"excerpt":{"rendered":"<p>L&#8217;azienda si estende sul fianco di una collina terminale dei Colli Berici, a circa 200 metri sul livello del mare, per 22 ettari coperti di boschi, prati, vigneti ed olivi. Da qui si pu\u00f2 godere di uno splendido panorama che, &hellip; <a href=\"https:\/\/www.lemandolare.it\/?page_id=94\">Continua a leggere<span class=\"meta-nav\">&rarr;<\/span><\/a><\/p>\n","protected":false},"author":1,"featured_media":0,"parent":0,"menu_order":6,"comment_status":"closed","ping_status":"closed","template":"","meta":{"footnotes":""},"class_list":["post-94","page","type-page","status-publish","hentry"],"_links":{"self":[{"href":"https:\/\/www.lemandolare.it\/index.php?rest_route=\/wp\/v2\/pages\/94","targetHints":{"allow":["GET"]}}],"collection":[{"href":"https:\/\/www.lemandolare.it\/index.php?rest_route=\/wp\/v2\/pages"}],"about":[{"href":"https:\/\/www.lemandolare.it\/index.php?rest_route=\/wp\/v2\/types\/page"}],"author":[{"embeddable":true,"href":"https:\/\/www.lemandolare.it\/index.php?rest_route=\/wp\/v2\/users\/1"}],"replies":[{"embeddable":true,"href":"https:\/\/www.lemandolare.it\/index.php?rest_route=%2Fwp%2Fv2%2Fcomments&post=94"}],"version-history":[{"count":223,"href":"https:\/\/www.lemandolare.it\/index.php?rest_route=\/wp\/v2\/pages\/94\/revisions"}],"predecessor-version":[{"id":2162,"href":"https:\/\/www.lemandolare.it\/index.php?rest_route=\/wp\/v2\/pages\/94\/revisions\/2162"}],"wp:attachment":[{"href":"https:\/\/www.lemandolare.it\/index.php?rest_route=%2Fwp%2Fv2%2Fmedia&parent=94"}],"curies":[{"name":"wp","href":"https:\/\/api.w.org\/{rel}","templated":true}]}}

<p style="text-align: justify;">L&#8217;azienda si estende sul fianco di una collina terminale dei Colli Berici, a circa 200 metri sul livello del mare, per 22 ettari coperti di boschi, prati, vigneti ed olivi. Da qui si può godere di uno splendido panorama che, nelle giornate particolarmente limpide, permette di vedere all’orizzonte il profilo dei primi Appennini.</p>
<p style="text-align: left;"><a href="https://www.lemandolare.it/wp-content/uploads/2012/10/veduta-le-mandolare-villaga-da-colle-ottobre-2012.jpg"><img loading="lazy" decoding="async" class="alignnone size-thumbnail wp-image-994" title="veduta le mandolare villaga da colle ottobre 2012" src="https://www.lemandolare.it/wp-content/uploads/2012/10/veduta-le-mandolare-villaga-da-colle-ottobre-2012-150x150.jpg" alt="" width="150" height="150" /></a> <a href="https://www.lemandolare.it/wp-content/uploads/2010/08/panorama4.jpg"><img loading="lazy" decoding="async" class="alignnone size-thumbnail wp-image-713" title="panorama Le Mandolare" src="https://www.lemandolare.it/wp-content/uploads/2010/08/panorama4-150x150.jpg" alt="" width="150" height="150" /></a> <a href="https://www.lemandolare.it/wp-content/uploads/2012/09/panorama-mandolare.jpg"><img loading="lazy" decoding="async" class="alignnone size-thumbnail wp-image-707" title="panorama dall'Agriturismo Le mandolare, Villaga, Vicenza" src="https://www.lemandolare.it/wp-content/uploads/2012/09/panorama-mandolare-150x150.jpg" alt="" width="150" height="150" /></a> <a href="https://www.lemandolare.it/wp-content/uploads/2010/08/vigneti4.jpg"><img loading="lazy" decoding="async" class="alignnone size-thumbnail wp-image-716" title="vigneti  Agriturismo Le Mandolare" src="https://www.lemandolare.it/wp-content/uploads/2010/08/vigneti4-150x150.jpg" alt="" width="150" height="150" /></a></p>
<p style="text-align: left;"><a href="https://www.lemandolare.it/wp-content/uploads/2010/08/esterni-14-2.jpg"><img loading="lazy" decoding="async" class="alignnone size-medium wp-image-1861" title="esterni 14 2" src="https://www.lemandolare.it/wp-content/uploads/2010/08/esterni-14-2-300x224.jpg" alt="" width="300" height="224" srcset="https://www.lemandolare.it/wp-content/uploads/2010/08/esterni-14-2-300x224.jpg 300w, https://www.lemandolare.it/wp-content/uploads/2010/08/esterni-14-2-1024x767.jpg 1024w, https://www.lemandolare.it/wp-content/uploads/2010/08/esterni-14-2.jpg 1078w" sizes="auto, (max-width: 300px) 100vw, 300px" /></a> <a href="https://www.lemandolare.it/wp-content/uploads/2010/08/esterni-14-11.jpg"><img loading="lazy" decoding="async" class="alignnone size-medium wp-image-1863" title="esterni 14 1" src="https://www.lemandolare.it/wp-content/uploads/2010/08/esterni-14-11-300x224.jpg" alt="" width="300" height="224" srcset="https://www.lemandolare.it/wp-content/uploads/2010/08/esterni-14-11-300x224.jpg 300w, https://www.lemandolare.it/wp-content/uploads/2010/08/esterni-14-11-1024x767.jpg 1024w, https://www.lemandolare.it/wp-content/uploads/2010/08/esterni-14-11.jpg 1078w" sizes="auto, (max-width: 300px) 100vw, 300px" /></a></p>
<p style="text-align: justify;">
<p style="text-align: center;"><span style="font-weight: bold;">Il Comprensorio dei Colli Berici</span></p>
<p style="text-align: justify;">L’azienda é collocata al centro di un’area ricca di opportunità: chi ama il contatto con la natura rimarrà estasiato dalla tranquillità e dalla bellezza del luogo e potrà scegliere tra i numerosi sentieri naturali e percorsi naturalistici di cui é ricco il territorio circostante.</p>
<p><a href="https://www.lemandolare.it/wp-content/uploads/2010/08/sentieri_.jpg"><img loading="lazy" decoding="async" class="alignnone size-thumbnail wp-image-1077" title="sentieri_" src="https://www.lemandolare.it/wp-content/uploads/2010/08/sentieri_-150x150.jpg" alt="" width="150" height="150" /></a> <a href="https://www.lemandolare.it/wp-content/uploads/2012/10/uliveto-le-mandolare-villaga-ottobre-2012.jpg"><img loading="lazy" decoding="async" title="uliveto le mandolare villaga ottobre 2012" src="https://www.lemandolare.it/wp-content/uploads/2012/10/uliveto-le-mandolare-villaga-ottobre-2012-150x150.jpg" alt="" width="150" height="150" /></a> <a href="https://www.lemandolare.it/wp-content/uploads/2012/10/uliveti-pozzolo-di-villaga-ottobre-2012.jpg"><img loading="lazy" decoding="async" title="uliveti pozzolo di villaga ottobre 2012" src="https://www.lemandolare.it/wp-content/uploads/2012/10/uliveti-pozzolo-di-villaga-ottobre-2012-150x150.jpg" alt="" width="150" height="150" /></a> <a href="https://www.lemandolare.it/wp-content/uploads/2012/09/mappa-comprensorio.jpg"><img loading="lazy" decoding="async" class="alignnone size-thumbnail wp-image-862" title="mappa comprensorio Colli Berici" src="https://www.lemandolare.it/wp-content/uploads/2012/09/mappa-comprensorio-150x150.jpg" alt="" width="150" height="150" /></a></p>
<p style="text-align: justify;"><span style="text-align: left;">Incontrerete luoghi suggestivi e affascinanti, dall’indubbio valore artistico, storico e paesaggistico, tra i luoghi più vicini Vi segnaliamo l&#8217;eremo di San Donato, la Fontana dei Curii, la Grotta di San Bernardino, la Chiesa e il Convento di San Pancrazio, nell&#8217;omonima frazione di Barbarano Vicentino.</span></p>
<p style="text-align: left;"><a href="https://www.lemandolare.it/wp-content/uploads/2012/09/Grotta-di-San-Bernardino.jpg"><img loading="lazy" decoding="async" class="alignnone size-thumbnail wp-image-898" title="Grotta di San Bernardino" src="https://www.lemandolare.it/wp-content/uploads/2012/09/Grotta-di-San-Bernardino-150x150.jpg" alt="" width="150" height="150" /></a> <a href="https://www.lemandolare.it/wp-content/uploads/2012/09/Lago-di-Fimon-2-2.jpg"><img loading="lazy" decoding="async" class="alignnone size-thumbnail wp-image-896" title="Lago di Fimon 2 " src="https://www.lemandolare.it/wp-content/uploads/2012/09/Lago-di-Fimon-2-2-150x150.jpg" alt="" width="150" height="150" /></a> <a href="https://www.lemandolare.it/wp-content/uploads/2012/09/Eremo-San-Donato-Pozzolo-Villaga-Foto-104.jpg"><img loading="lazy" decoding="async" class="alignnone size-thumbnail wp-image-894" title="Eremo di San Donato a Pozzolo di Villaga" src="https://www.lemandolare.it/wp-content/uploads/2012/09/Eremo-San-Donato-Pozzolo-Villaga-Foto-104-150x150.jpg" alt="" width="150" height="150" /></a> <a href="https://www.lemandolare.it/wp-content/uploads/2012/09/Eremo-San-Donato-Pozzolo-Villaga-Foto-114.jpg"><img loading="lazy" decoding="async" class="alignnone size-thumbnail wp-image-900" title="Vista dai covoli di San Donato, Eremo di Pozzolo " src="https://www.lemandolare.it/wp-content/uploads/2012/09/Eremo-San-Donato-Pozzolo-Villaga-Foto-114-150x150.jpg" alt="" width="150" height="150" /></a></p>
<p style="text-align: center;">
<h3 style="text-align: center;"><strong>Come raggiungere &#8220;Le Mandolare&#8221;</strong></h3>
<p style="text-align: justify;">Dall’autostrada A4, all’altezza di           Vicenza Est imboccate l’autostrada A31 in direzione sud e           uscite a Albettone-Barbarano. Proseguite verso           Vicenza-Barbarano e dopo 1 km, alla rotonda che incrocia la SP247 &#8220;Riviera Berica&#8221;, proseguite diritti verso Sossano per           circa 700 mt, poi svoltate a sinistra sulla SP8, verso           Sossano. Alla rotonda successiva svoltate a destra in Via           Dante, proseguite su Via Fornace e Via Giuseppe Verdi. Attraversate           il centro di Villaga, percorrete la strada in salita e           all’incrocio con Via Castello, svoltate a sinistra in Via Pigiavento, poi Via Mandolare e <span style="text-decoration: underline;">proseguite per             circa 2 Km</span>: l’ingresso dell’azienda si trova sulla           sinistra, tra una doppia fila di cipressi.</p>
<p style="text-align: justify;">Dall&#8217;autostrada A13: uscite a Monselice e seguite le indicazioni per Este, poi per Noventa Vicentina, sulla S.P. 247 Riviera Berica; proseguite in direzione Vicenza per circa 12 km. Svoltate a sinistra sulla SP8, in direzione Sossano-Orgiano-Lonigo. Dopo 700 mt, alla rotonda svoltate in Via Dante; dopo circa 1 km proseguite a destra su Via Fornace, dopo 20 mt svoltate a sinistra in Via Giuseppe Verdi. Attraversate il centro di Villaga, percorrete la strada in salita e all&#8217;incrocio con Via Castello, svoltate a sinistra in Via Pigiavento, poi Via Mandolare, proseguite per circa 2 Km: l&#8217;ingresso dell&#8217;azienda si trova sulla sinistra, tra una doppia fila di cipressi.</p>
<p style="text-align: justify;"><a href="https://www.lemandolare.it/wp-content/uploads/2010/08/Mappa-web.jpg"><img loading="lazy" decoding="async" class="alignnone size-large wp-image-1883" title="Mappa web" src="https://www.lemandolare.it/wp-content/uploads/2010/08/Mappa-web-789x1024.jpg" alt="" width="640" height="830" srcset="https://www.lemandolare.it/wp-content/uploads/2010/08/Mappa-web-789x1024.jpg 789w, https://www.lemandolare.it/wp-content/uploads/2010/08/Mappa-web-231x300.jpg 231w, https://www.lemandolare.it/wp-content/uploads/2010/08/Mappa-web.jpg 911w" sizes="auto, (max-width: 640px) 100vw, 640px" /></a></p>
<p style="text-align: center;">Mappa interattiva:<small><a style="color: #0000ff; text-align: left;" href="https://www.google.it/maps/place/Agriturismo+%22Le+Mandolare%22/@45.400644,11.525281,17z/data=!3m1!4b1!4m2!3m1!1s0x477f3b597552fcf7:0xf2381f381060dce4?hl=it"> pianifica il tuo percorso con Google Maps</a></small></p>
<p style="text-align: center;">

<p>L&#8217;azienda si estende sul fianco di una collina terminale dei Colli Berici, a circa 200 metri sul livello del mare, per 22 ettari coperti di boschi, prati, vigneti ed olivi. Da qui si può godere di uno splendido panorama che, &hellip; <a href="https://www.lemandolare.it/?page_id=94">Continua a leggere<span class="meta-nav">&rarr;</span></a></p>
